, -d - d - j - 6 = 0. Is (196/(-6))/(d/3) a prime number?
False
Suppose 32*h + 268 = 36*h. Is h prime?
True
Let q(s) = s**3 + 8*s**2 - 3*s - 3. Suppose -5*f + 33 = 4*x, -2*f + 6 = -0*x - 2*x. Is q(f) a composite number?
False
Let x = 5 + -2. Let o(s) = -s**3 + 10*s**2 + 9*s - 6 + 0*s**3 - x*s**2. Is o(7) composite?
True
Suppose 4 = -2*f - 0, 0 = -4*m - 4*f - 4. Let j = m - -2. Let b(c) = 6*c - 3. Is b(j) composite?
True
Let w(q) = 25*q**2 + 4*q + 3. Let x be w(-2). Is 1/(-2) + x/2 a prime number?
True
Suppose -5*l + 0*l = -5*m - 2205, -3*l = 4*m - 1358. Is l a prime number?
False
Suppose 3*o = -4*o + 2121. Is o a prime number?
False
Let k(n) = n + 11. Let f be k(-7). Suppose 0*p - 4*w + 1159 = 3*p, -p + f*w = -397. Is p prime?
True
Suppose -8 = -p + 6. Is p a prime number?
False
Let n(p) = -p**3 - 6*p**2 - 4*p - 5. Let u be n(-8). Let o be (1/2)/(3/24). Suppose -l + u = o*l. Is l composite?
False
Suppose -4*s = 2*t - s - 10, 4*t - 2 = 3*s. Suppose 4*k - 5*g = 337, 2*k - t*g - g = 169. Is k a composite number?
False
Let u(i) = i**3 + 7*i**2 + 5*i - 4. Let l be u(-6). Suppose 3*h + 3*b = 78, -3*h - l*b = h - 98. Is h prime?
True
Let t(c) = 3 - 4 + 0*c**2 + 2*c**2. Is t(4) a composite number?
False
Suppose -4*a + 5*z = -3114, z = -2*a - 0*a + 1564. Is a composite?
True
Let b(g) = -g - 3. Let z be b(-3). Suppose -3*q + 0*q + 30 = z. Is q a prime number?
False
Suppose 5 = -5*c - 5. Let g be c/(-5) - 6/15. Suppose 4*u - 5*u + 7 = g. Is u a composite number?
False
Let a(j) = j - 7. Let l be a(9). Suppose -l*i = -150 - 204. Is i a composite number?
True
Suppose 2*o - 806 = -4*l, -5*o - 2*l - l = -2043. Is o a prime number?
False
Let n(k) = -30*k - 3. Let f be (48/(-4))/(6/(-4)). Suppose -d + 31 = -5*w, f*d + 20 = -4*w + 4*d. Is n(w) prime?
False
Let j = 5 + -3. Let m(d) = 10*d**2 - 2*d + 1. Is m(j) a prime number?
True
Let g = 64 + -45. Is g a prime number?
True
Let c be (-1)/(-1) + 2 + 4. Let p(h) = 3*h - 7. Is p(c) prime?
False
Let j = 17 + 45. Let i(g) = -g**2 - 5*g + 3. Let v be i(-4). Suppose -110 = -2*t + 4*p, 3*p - v + j = t. Is t composite?
True
Suppose j + 2*b - 2 = -2*j, -4*j - b + 11 = 0. Suppose -20 = j*s - 9*s. Is ((-38)/8)/(s/(-16)) composite?
False
Let t = -324 + 725. Is t prime?
True
Let k(n) be the first derivative of 2*n**2 + 2 + 2*n + 1/4*n**4 + 7/3*n**3. Is k(-6) composite?
True
Let m(a) = 5*a**2 + 11*a - 23. Is m(10) a prime number?
True
Suppose -4*c + 9*c - 950 = 0. Suppose c = 5*n - m, 5*n = 3*m + 203 - 23. Suppose -156 = -6*q + 2*q + 5*o, q = 5*o + n. Is q prime?
False
Let p = 5 + 5. Let m = p + -6. Is m/(-22) - (-1152)/44 a composite number?
True
Let o = -594 - -889. Is o a prime number?
False
Let a(u) = 35*u. Let c be a(-1). Let m = c + 74. Is m composite?
True
Let c(f) = f**3 - f**2 + f + 265. Is c(0) prime?
False
Let l(x) = x + 6. Let y be l(-3). Let p(j) = j**y - 2 + 2*j + 2*j + 0*j**3 - 10*j + 6*j**2. Is p(-5) prime?
True
Let c(w) = 177*w + 2. Is c(11) composite?
False
Suppose -5*x = 4*m - 1033, 2*m - 893 = -4*x - 63. Is x prime?
False
Let m = -891 - -1378. Is m composite?
False
Suppose 5*g - 1403 = 1092. Is g prime?
True
Let z(s) = -s**2 + 9*s - 6. Let r be z(8). Is (r/4)/(3/2190) a prime number?
False
Let k = 1105 - -32. Is k prime?
False
Let x be 0/((4 - 3)*-2). Suppose -3*c - j - j + 431 = x, 3*c = 2*j + 427. Is c composite?
True
Suppose 4*f = -556 - 384. Let m = f - -426. Suppose -5*s - 16 + m = 0. Is s composite?
True
Suppose -343 + 2898 = -5*j. Let b be -3 + 2 - (-800 + 1). Let q = j + b. Is q a composite number?
True
Let l(h) = -h**2 - 5*h - 6. Let u be l(-12). Let s = u - -176. Is s a prime number?
False
Suppose -k - 4*y + 647 = 0, 4*y - 3315 = -5*k - 0*k. Is k a prime number?
False
Let j(n) = -n**3 + 4*n**2 - 9. Let p(q) = -2*q**3 + 5*q**2 - 10. Let z(v) = 6*j(v) - 5*p(v). Is z(3) a composite number?
True
Suppose 2*d = 2*l - 4210, 3*d = -3*l - 0*l + 6315. Is l a prime number?
False
Suppose 215 + 1122 = v. Is v a composite number?
True
Let u = 1960 - 1305. Is u composite?
True
Let k = -3 + 3. Suppose 28 = t - k*t. Suppose 5*w - t = 4*w + n, 4*n - 119 = -3*w. Is w a composite number?
True
Let t = -2 + 7. Suppose -2*a + 219 = 3*y + 2*a, -y - t*a = -62. Is y a prime number?
False
Suppose 2*c = 5*m + 797, 4*m + 7 = 27. Is c prime?
False
Suppose -16 = 4*g, -5*f = -f - 5*g + 188. Let o = 94 + f. Suppose -n - n = -o. Is n a composite number?
True
Let q(s) = 2 + 3 + 14*s - 25*s - s**2. Suppose -4*w + w - 15 = 0. Is q(w) composite?
True
Suppose 3*v - 1210 + 259 = 0. Is v a composite number?
False
Let r(b) = 2*b - 10. Let k be r(-7). Let n = k + 51. Suppose 0 = -4*y + 2*w - 14 + 150, -y + n = -4*w. Is y a composite number?
True
Let n(f) = 317*f**2 + f - 1. Let o be n(1). Suppose -4*a = -4*m - 620, 0*m - 5*m - 768 = 2*a. Let q = m + o. Is q prime?
True
Let d be ((-2)/(-5))/((-5)/50). Is 12/8 + (-2)/d a prime number?
True
Suppose -25 = -5*v + l, -3*v = -2*v + l - 11. Suppose -v*k = -9*k + 2661. Is k a composite number?
False
Suppose -350 - 445 = -3*x. Is x prime?
False
Let a(l) = -l**2 - 5*l. Let b be a(-4). Suppose 5*q - b*k - k - 400 = 0, -157 = -2*q - k. Is q composite?
False
Let s be 2/(2/(-3)) - -150. Let j = -68 + s. Is j a prime number?
True
Suppose -k + 407 = -2*p, -4*k - 2*p = -3*k - 399. Is k prime?
False
Is (-11)/(-22) + 374/4 a prime number?
False
Let x = 582 + -348. Let w(d) = 13*d - 1. Let f be w(-10). Let s = x + f. Is s a prime number?
True
Let k be (-2)/(4/272*-2). Is k - -1*(-3)/(-3) a composite number?
True
Suppose a = 3*a + 4. Let k be (-1)/(-4 - a)*-2. Is ((-7)/k)/((-3)/(-141)) a prime number?
False
Let z be (1 - (1 + 0)) + -1. Let g(f) be the first derivative of -32*f**2 + f - 5. Is g(z) a prime number?
False
Let h = 7 - 4. Suppose 5*b - l + 0*l = -50, -4*b - h*l = 40. Is 297/5 + 4/b composite?
False
Let n(a) = a + 5. Let q be n(0). Suppose 3*f - q*d = 4*f + 17, f + 13 = -4*d. Suppose -46 = -v - 3*x, x - f + 6 = 0. Is v composite?
True
Let r be 1/(0 + 2/12). Suppose 5*l = -d + 40, 2*d = -2*l + r*l + 66. Suppose -3*o + 4 + d = 0. Is o prime?
True
Let q = 1184 - -190. Let n = q - 1965. Let u = -382 - n. Is u a prime number?
False
Suppose -44*y + 3597 = -41*y. Is y composite?
True
Suppose j - 2 = 1. Is 4 - (-1)/(j/405) a composite number?
False
Let i = 815 + -522. Is i a composite number?
False
Let j(b) = -1 + 3*b + 4*b**2 - 2*b**2 + 3*b**2. Let h = 12 + -8. Is j(h) a prime number?
False
Suppose 4*f + 2*o - 384 = 0, 3*o = 6*f - 5*f - 103. Is f prime?
True
Suppose 4*r - 1063 = n, -2*n + 315 = -2*r + 851. Is r a prime number?
False
Suppose 5*j - 1000 = -5*p - 235, -158 = -p - 2*j. Let z = p - 90. Suppose z = 4*y - 2. Is y a composite number?
True
Let b be 2/7 - 10/(-14). Let i be b*3 - (-5)/(-5). Suppose -4*m = -4*k + 116, 5*k = -m - i*m + 113. Is k composite?
True
Suppose -39*v = -34*v - 10505. Is v a composite number?
True
Let t(d) = 9*d**3 - 4*d**2 + 5*d + 2. Let u be t(5). Suppose 4*n + 2*s - u = 0, 0*n = 5*n - 5*s - 1345. Is n prime?
False
Suppose 5*n - i = 21, -5*i = 2*n - 3*i - 6. Suppose n*b + 158 = 834. Is b a composite number?
True
Let i be 7/4*(-4)/1. Let c = 11 + i. Suppose 7 = 5*f - c*f. Is f a composite number?
False
Let c be 3/(-1 + 22/21). Let v = c + -44. Is v a composite number?
False
Let n be (22/(-4))/(1/(-30)). Let g = n - 88. Is g a prime number?
False
Let y be (-2)/(-4) + 39/2. Let x = 41 - y. Is x prime?
False
Let d(a) = -a**3 - 2*a**2 - 3*a - 2. Let p be d(-3). Is p + 4 + (-1 - -2) a composite number?
True
Suppose -j + 3 = -0. Suppose 0 = j*p - 0*p. Suppose p = -3*w - 0*w + 339. Is w prime?
True
Let a = -3 - -27. Let h be -61*(0 + (1 - 2)). Let m = h - a. Is m composite?
False
Suppose 3*a - 211 = 5*q, -4*a - 2*q + 320 = q. Is a composite?
True
Let j(u) = u**3 + 6*u**2 + 3*u - 5. Let n be j(-6). Let g = n - -72. Is g prime?
False
Is ((-2)/(-3))/(4/1062) a composite number?
True
Suppose -2*n - 2404 + 9974 = 0. Is n a composite number?
True
Suppose 4*u = 5*u. Suppose -6*q + q + 115 = u. Is q prime?
True
Let w = -22 + 32. Let y = w - 7. Suppose y*o = 8*o - 65. Is o a composite number?
False
Let n(d) = -d**2 + 7. Suppose -4*u + 0*p - 1 = -p, -u - 2*p = -2. Let h be n(u). Let y = h - -2. Is y a composite number?
True
Let y(o) be the third derivative of -o**6/120 - 7*o**5/60 - 7*o**4/2